{"id":7041,"date":"2022-10-21T08:39:20","date_gmt":"2022-10-21T08:39:20","guid":{"rendered":"https:\/\/care4dairy.eu\/?post_type=knowledge_base&#038;p=7041"},"modified":"2024-06-26T13:11:44","modified_gmt":"2024-06-26T13:11:44","slug":"betreuung-von-kuehen-beim-kalben","status":"publish","type":"knowledge_base","link":"https:\/\/care4dairy.eu\/de\/knowledge_base\/betreuung-von-kuehen-beim-kalben\/","title":{"rendered":"Betreuung von K\u00fchen beim Kalben"},"content":{"rendered":"<div class=\"fusion-fullwidth fullwidth-box fusion-builder-row-1 fusion-flex-container has-pattern-background has-mask-background nonhundred-percent-fullwidth non-hundred-percent-height-scrolling\" style=\"--awb-border-radius-top-left:0px;--awb-border-radius-top-right:0px;--awb-border-radius-bottom-right:0px;--awb-border-radius-bottom-left:0px;--awb-flex-wrap:wrap;\" ><div class=\"fusion-builder-row fusion-row fusion-flex-align-items-flex-start fusion-flex-content-wrap\" style=\"max-width:1420.64px;margin-left: calc(-4% \/ 2 );margin-right: calc(-4% \/ 2 );\"><div class=\"fusion-layout-column fusion_builder_column fusion-builder-column-0 fusion_builder_column_1_1 1_1 fusion-flex-column\" style=\"--awb-bg-size:cover;--awb-width-large:100%;--awb-margin-top-large:0px;--awb-spacing-right-large:1.92%;--awb-margin-bottom-large:20px;--awb-spacing-left-large:1.92%;--awb-width-medium:100%;--awb-order-medium:0;--awb-spacing-right-medium:1.92%;--awb-spacing-left-medium:1.92%;--awb-width-small:100%;--awb-order-small:0;--awb-spacing-right-small:1.92%;--awb-spacing-left-small:1.92%;\"><div class=\"fusion-column-wrapper fusion-column-has-shadow fusion-flex-justify-content-flex-start fusion-content-layout-column\"><div class=\"fusion-text fusion-text-1\"><p>Best-Practice-Betriebe erreichen ein gesundes, nat\u00fcrliches Abkalben ihrer K\u00fche durch die Auswahl von Bullen hinsichtlich des Merkmals der Leichtkalbigkeit, ein sorgf\u00e4ltiges Management der tr\u00e4chtigen Tiere, eine genaue \u00dcberwachung zum Zeitpunkt des Abkalbens, um bei Bedarf rechtzeitig und effektiv eingreifen zu k\u00f6nnen, und Umgang mit ihren K\u00e4lbern (Lecken, S\u00e4ugen).<\/p>\n<\/div><\/div><\/div><\/div><\/div>\n","protected":false},"featured_media":6645,"template":"","categories":[250],"language":[80,25],"class_list":["post-7041","knowledge_base","type-knowledge_base","status-publish","has-post-thumbnail","hentry","categories-merkblatt","language-de","language-german"],"acf":[],"_links":{"self":[{"href":"https:\/\/care4dairy.eu\/de\/wp-json\/wp\/v2\/knowledge_base\/7041","targetHints":{"allow":["GET"]}}],"collection":[{"href":"https:\/\/care4dairy.eu\/de\/wp-json\/wp\/v2\/knowledge_base"}],"about":[{"href":"https:\/\/care4dairy.eu\/de\/wp-json\/wp\/v2\/types\/knowledge_base"}],"wp:featuredmedia":[{"embeddable":true,"href":"https:\/\/care4dairy.eu\/de\/wp-json\/wp\/v2\/media\/6645"}],"wp:attachment":[{"href":"https:\/\/care4dairy.eu\/de\/wp-json\/wp\/v2\/media?parent=7041"}],"wp:term":[{"taxonomy":"categories","embeddable":true,"href":"https:\/\/care4dairy.eu\/de\/wp-json\/wp\/v2\/categories?post=7041"},{"taxonomy":"language","embeddable":true,"href":"https:\/\/care4dairy.eu\/de\/wp-json\/wp\/v2\/language?post=7041"}],"curies":[{"name":"wp","href":"https:\/\/api.w.org\/{rel}","templated":true}]}}

Betreuung von Kühen beim Kalben

<div class="fusion-fullwidth fullwidth-box fusion-builder-row-1 fusion-flex-container has-pattern-background has-mask-background nonhundred-percent-fullwidth non-hundred-percent-height-scrolling" style="--awb-border-radius-top-left:0px;--awb-border-radius-top-right:0px;--awb-border-radius-bottom-right:0px;--awb-border-radius-bottom-left:0px;--awb-flex-wrap:wrap;" ><div class="fusion-builder-row fusion-row fusion-flex-align-items-flex-start fusion-flex-content-wrap" style="max-width:1420.64px;margin-left: calc(-4% / 2 );margin-right: calc(-4% / 2 );"><div class="fusion-layout-column fusion_builder_column fusion-builder-column-0 fusion_builder_column_1_1 1_1 fusion-flex-column" style="--awb-bg-size:cover;--awb-width-large:100%;--awb-margin-top-large:0px;--awb-spacing-right-large:1.92%;--awb-margin-bottom-large:20px;--awb-spacing-left-large:1.92%;--awb-width-medium:100%;--awb-order-medium:0;--awb-spacing-right-medium:1.92%;--awb-spacing-left-medium:1.92%;--awb-width-small:100%;--awb-order-small:0;--awb-spacing-right-small:1.92%;--awb-spacing-left-small:1.92%;"><div class="fusion-column-wrapper fusion-column-has-shadow fusion-flex-justify-content-flex-start fusion-content-layout-column"><div class="fusion-text fusion-text-1"><p>Best-Practice-Betriebe erreichen ein gesundes, natürliches Abkalben ihrer Kühe durch die Auswahl von Bullen hinsichtlich des Merkmals der Leichtkalbigkeit, ein sorgfältiges Management der trächtigen Tiere, eine genaue Überwachung zum Zeitpunkt des Abkalbens, um bei Bedarf rechtzeitig und effektiv eingreifen zu können, und Umgang mit ihren Kälbern (Lecken, Säugen).</p>
</div></div></div></div></div>
